st common factor of 6 and k?
6
Let j(m) = m**2 - 4*m + 16. Let z be j(6). What is the greatest common factor of 14 and z?
14
Let d(a) = -12*a + 14*a + 1 + 14*a. Let v be d(5). Suppose -v = -b - 2*b. Calculate the greatest common divisor of b and 9.
9
Let t(q) = 5*q - 10. Let p be t(8). Calculate the greatest common factor of p and 75.
15
Let z = 11 - -7. Let m be z/5 + (-6)/(-15). Suppose 2*s + t - 29 - 102 = 0, -267 = -m*s + 3*t. Calculate the highest common factor of 6 and s.
6
Let t be 1*(-2)/2*66. Let r be t/10 - 3/(-5). Let w be (15/r)/(2/(-4)). What is the highest common factor of w and 10?
5
Let r be (-1 - -8) + (-1 - -3). Suppose 51 = x - 12. What is the highest common factor of x and r?
9
Suppose -42 = -3*l + l. Calculate the greatest common divisor of l and 105.
21
Let y(v) = -v**3 - 7*v**2 + 7*v - 3. Let i be y(-8). Let l be 1 - (0/1 + -26). Let m = 18 + l. What is the highest common factor of m and i?
5
Suppose 7 = 4*k + t, -3*k + t + 3 + 4 = 0. Suppose 170 = 4*n - i, -k*n = 3*n - 2*i - 214. Calculate the greatest common factor of 21 and n.
21
Suppose -2*q + 65 = -1485. Let j = q - 453. Let t = j - 124. What is the highest common divisor of t and 18?
18
Suppose -z + 3 = 10. Let w(b) = -b**2 - 10*b + 3. Let v be w(z). What is the greatest common divisor of v and 12?
12
Let r = -67 - -79. Calculate the highest common factor of r and 96.
12
Let l = 3 + -5. Let w(y) = y**3 - y**2 + y - 34. Let z be w(0). Let b be l + z/(-2) + -1. What is the highest common factor of b and 2?
2
Let w be 10*(-2)/(-16)*8. Let g = 259 - 149. What is the greatest common divisor of w and g?
10
Suppose -3*r + 3 = 0, j - 3*j + 207 = -r. Suppose 3*c = 57 - 18. Calculate the highest common factor of j and c.
13
Let h = -1 + 17. Suppose w - 4 = 0, -2*w - 70 = -3*l - 0*l. Let j = l - h. What is the greatest common divisor of j and 90?
10
Let x(j) = -j**3 - 5*j**2 + 2*j - 6. Let y be x(-6). Calculate the greatest common factor of y and 3.
3
Suppose 5*l + 1 - 31 = 0. What is the greatest common factor of l and 54?
6
Let m = -81 - -94. Calculate the greatest common divisor of 26 and m.
13
Suppose 2*r = 5*t - 447, -t - 5*r + 111 = -0*t. Let y(w) = 6*w - 5. Let s be y(3). What is the highest common divisor of s and t?
13
Let c be (-2)/5 + 106/(-10). Let g(j) = j**2 + 4*j + 3. Let b be g(c). What is the greatest common factor of b and 32?
16
Suppose -30 = -4*c + 58. What is the highest common divisor of 44 and c?
22
Suppose 0*c = -2*c + 10. Calculate the greatest common factor of c and 5.
5
Let y(j) = -j + 19. Let u be y(0). Suppose -u + 61 = -2*p. Let f = 30 + p. What is the highest common factor of f and 6?
3
Let b(i) = i + 3. Let x be b(11). What is the greatest common divisor of 14 and x?
14
Let j = -38 + 39. Calculate the highest common factor of 1 and j.
1
Let v = 109 + -53. What is the greatest common divisor of 84 and v?
28
Let p = 18 - 10. Suppose q - 5*q = -3*c + 10, 5 = 5*q + 5*c. Let k be (-1756)/(-20) + q/(-5). What is the highest common factor of p and k?
8
Let x be (-2)/(-2) + (3 - 1). What is the highest common divisor of 6 and x?
3
Let j be (0 + 26 - 4) + 1. Calculate the greatest common factor of j and 92.
23
Let o(y) = 4*y + 2*y**2 + 4*y + 7 + 2*y + y. Let f be o(-7). Calculate the highest common divisor of f and 7.
7
Let r be 3 + (-32)/10 + 1212/10. Suppose v = 3*v. Let d = v - -11. Calculate the highest common factor of r and d.
11
Let j(u) = u**2 - 3*u - 5. Let r be j(-2). Calculate the highest common divisor of 15 and r.
5
Let t be 470 - -1 - (-2 - -1). Let p be (-4)/10 + t/5. Suppose -k = 2*b - 69, 5*k + 71 + p = 5*b. What is the greatest common factor of b and 85?
17
Suppose 0 = 4*z + z + 25. Let d be 96/(-2 - z) + -2. Suppose -3*g = -6*g + 30. What is the highest common factor of d and g?
10
Suppose -2*x = -3*x. Suppose 0 = -3*g - x + 6. Suppose 3*c = 4*q + 31, 0*c = 5*c - 3*q - 37. Calculate the highest common factor of g and c.
1
Suppose 2*v - 2*d = 5*v - 23, 2*d - 32 = -4*v. What is the greatest common factor of v and 45?
9
Let d be (1 + 0)*(7 + 18). What is the highest common divisor of d and 10?
5
Let v(r) = r**3 - 5*r**2 - 6*r + 9. Let f(a) = a**3 - 7*a**2 + 6. Let k be f(7). Let x be v(k). What is the greatest common factor of x and 45?
9
Let i(v) = -v**2 - 5*v + 1. Let u be i(-4). Let s be 32/6 + u/(-15). Suppose s*h - 3*b = 102, -h + 2*b = -5 - 21. What is the greatest common factor of h and 2?
2
Let p be ((-2)/(-4))/(3/6). Suppose 0 = y - 5*s - 8, -3*s - 23 = -4*y + 9. Calculate the highest common factor of p and y.
1
Suppose l = 4*m - 0*m - 69, -4*m + 4*l = -84. Calculate the highest common factor of 176 and m.
16
Suppose -2*s + 0 = 8, 3*w = -4*s + 230. Suppose 6*j - 77 = 895. Let m = j - w. What is the highest common divisor of m and 10?
10
Suppose 0*w - 48 = -w. Let o be -4 - ((-2 - -2) + 2). Let f(i) = -i**2 - 8*i - 6. Let z be f(o). What is the greatest common factor of w and z?
6
Suppose 0 = -4*l - j + 218, 0 = 5*l + 2*j - j - 273. Let w be ((-1)/1)/((-2)/22). Calculate the greatest common factor of l and w.
11
Let j = -37 + 43. What is the highest common divisor of j and 15?
3
Suppose -90 + 260 = 2*p. Let a = 51 + -34. Calculate the greatest common factor of p and a.
17
Suppose -4*g = 3*q - 2 - 7, -4*g + 3 = q. Suppose 2*o - 3*z + 1 - 44 = g, -5*o = -z - 101. Suppose 2*y + y = 24. What is the greatest common factor of o and y?
4
Let j be 50 - (-5 + (-30)/(-3)). Calculate the greatest common divisor of j and 18.
9
Let q(o) = o**3 + 5*o**2 + 3*o - 1. Let m be q(-4). Suppose u - 11 = 2*s, -6 = 4*u - 3*s - 30. Let v = 3 + u. Calculate the greatest common factor of m and v.
3
Suppose p = 2, -t + 130 = 3*t + 5*p. What is the highest common factor of t and 15?
15
Let x = 4 - 5. Let q = x - 1. Let p be 1/q + 114/4. What is the greatest common factor of 4 and p?
4
Let v(q) = q**2 + 182. Let l be v(0). What is the highest common factor of l and 26?
26
Let i be 50/1*40/100. What is the highest common divisor of 40 and i?
20
Let f = -3 + 2. Let z be (-10)/3*(-2 + f). What is the greatest common divisor of 50 and z?
10
Suppose 3*u - 30 = 3*g, 49 = 4*u - 3*g + 11. Let h = 4 + 4. Let z = -6 + h. What is the greatest common divisor of u and z?
2
Let n(t) be the third derivative of t**6/120 - 11*t**5/60 - 11*t**4/24 + 4*t**3/3 - 7*t**2. Let a be n(12). Calculate the highest common factor of 4 and a.
4
Let r = 14 - 3. Suppose -37 = -2*z - 0*z + 3*y, 4*z = -2*y + 34. Calculate the greatest common factor of z and r.
11
Suppose 2*i + 4*o + 2 - 12 = 0, 0 = -2*i + o. Let v(h) = h**3 + 5*h**2 + 3*h + 2. Let m be v(-4). What is the highest common divisor of i and m?
1
Let j = -5 + 9. Suppose 9*a + 4*i - 190 = 4*a, -106 = -3*a - j*i. What is the highest common divisor of 63 and a?
21
Let u be -4 - -4 - (-11 + 1). Let s be (-17)/(-2) - (-5)/u. Calculate the greatest common factor of s and 3.
3
Let v = 60 + -45. Calculate the highest common divisor of 45 and v.
15
Suppose 6*o - 3*g = 2*o + 405, -480 = -5*o - 5*g. Calculate the highest common factor of 11 and o.
11
Let m(o) be the first derivative of 3*o**3 + o**2 + o - 3. Let j be m(-2). Calculate the highest common divisor of j and 3.
3
Let h = 154 + -44. Calculate the highest common divisor of 44 and h.
22
Suppose p - 8 = 5*v, 2*v + 29 - 2 = -3*p. Let j be (-678)/(-21) - (-2)/p. Calculate the highest common divisor of 16 and j.
16
Suppose 3*r - 42 = -0*r. Suppose 4*q + 2 = -4*u + r, -4*q + 4 = -4*u. Calculate the highest common factor of 3 and q.
1
Suppose 6*l = 2*l + 144. What is the greatest common factor of l and 252?
36
Let t(g) = 35*g. Let f be t(2). Calculate the greatest common divisor of f and 14.
14
Let k(t) = t - 2. Let w = -10 - -15. Let a be k(w). What is the greatest common divisor of a and 3?
3
Let t = 53 + -35. Let h(s) = -7*s + 2. Let a be h(-2). Let y be (3*a)/((-6)/(-9)). Calculate the highest common divisor of t and y.
18
Let t(g) = g**3 + 5*g**2 + g - 2. Suppose 2*m - m = -3*r + 18, 0 = r - 1. Let j = 11 - m. Let v be t(j). Calculate the greatest common divisor of 10 and v.
10
Suppose 3*f = f + 6. Suppose 4 = k + 2*l, 4*k - 6*l = -f*l + 27. Calculate the highest common divisor of 48 and k.
6
Let b = 23 - 17. Calculate the highest common factor of 48 and b.
6
Let a(r) = r**3 - 3*